
Let g = -2362 + 2421. What is the remainder when 148 is divided by g?
30
Suppose 2*d = 120 - 44. Suppose -k = -d - 12. Calculate the remainder when k is divided by 17.
16
Calculate the remainder when (-21 - -3)*66/(-4) is divided by 75.
72
Suppose 5*t = 3*i + 134, 3*t = 4*i - 2*i + 81. Calculate the remainder when 169 is divided by t.
19
Calculate the remainder when 10*(3 - (-127)/5) is divided by 12.
8
Let y(o) = -57*o - 6. Let s be y(-7). Suppose -2*i + 219 = -0*i - 5*x, -4*i - 5*x = -s. Calculate the remainder when i is divided by 21.
18
Let d(b) = -2*b**3 - b**2 + 8*b + 11. Calculate the remainder when d(-3) is divided by 16.
0
Suppose g + 3*d + 87 = 0, -2*g - d - 326 = 2*g. Let s = g + 86. What is the remainder when 39 is divided by s?
4
Let x(p) = 5*p + 21. Let m(i) = -4*i - 20. Let t(a) = -4*m(a) - 3*x(a). Calculate the remainder when 89 is divided by t(13).
29
Suppose -5*s - g - 14 = 0, -s - 3*s - 3*g - 9 = 0. Let h be -1*s*8/6. Suppose h*m - 28 = 72. Calculate the remainder when m is divided by 9.
7
Suppose 3*n + 4*o = 674, -2*n + 232 = -n + 5*o. Suppose -2*c + 36 + n = 0. Calculate the remainder when c is divided by 26.
25
Let a(c) = c**2 - 26*c + 21. Suppose -3*i + n = -3*n - 10, 0 = 2*i + 3*n - 18. Calculate the remainder when a(26) is divided by i.
3
Suppose 0*b + 4*b - 800 = 0. Suppose -5*t + 180 = -5*m, 0 = -0*t + 5*t + 5*m - b. What is the remainder when t is divided by 8?
6
Let n(s) = -47*s - 5. Let i(t) = 5*t + 79. What is the remainder when n(-5) is divided by i(-10)?
27
Let f(h) = 3*h**2 + 13*h + 44. Let q(v) = 15*v**2 - 1. Calculate the remainder when f(-5) is divided by q(1).
12
What is the remainder when ((-72)/60)/((-2)/70) is divided by 12?
6
Let t(a) = -2*a**3 + 4*a**2 + 2*a + 3. Let i = -85 + 83. Calculate the remainder when 119 is divided by t(i).
26
Suppose 28 = -0*d + 2*d. Let a = d + -12. Suppose 2*m = m - a*k + 13, 0 = 2*k. What is the remainder when 49 is divided by m?
10
Let d be 4/2*(-387)/(-18). Let u = 74 - d. Calculate the remainder when 90 is divided by u.
28
Let g be 204/(-14) - (-36)/63. Let s = -5 - g. What is the remainder when s is divided by 4?
1
Let j(c) = 3*c**2 + 10*c - 33. What is the remainder when 136 is divided by j(3)?
16
Let z be -3 + 3 + -3 + 40. Suppose z - 7 = 2*y. Let l(q) = -q**2 + 5*q + 5. What is the remainder when y is divided by l(5)?
0
Let u(z) = 9*z**2 + z - 7. Let d(g) = -g**3 - 3*g**2 - 2*g - 4. Let s be d(-3). Calculate the remainder when 90 is divided by u(s).
28
Suppose 0 = -4*f + 3*y + 42, 0 = f + f + 5*y - 8. Suppose 3*t - 16 = j, 4*j + 1 - f = 0. What is the remainder when 44 is divided by t*(-8)/28*-7?
8
Let i be (176 - 1)/(3/6). Suppose 4*b = 5*z - i, -3*z - z - b + 259 = 0. Suppose 40*m - 43*m = -69. Calculate the remainder when z is divided by m.
20
Let o be 10/(-75) - (-759)/(-45). What is the remainder when (34/o)/(2/(34/(-1))) is divided by 12?
10
Suppose 2*i - 15 = 51. Let l(p) = p**3 + 25*p**2 - 26*p + 12. What is the remainder when i is divided by l(-26)?
9
Suppose 0 = -2*z - 3*z + 20. What is the remainder when z/(-18) + 5365/45 is divided by 30?
29
Suppose -12 = x - 18. Calculate the remainder when 9 is divided by x.
3
Let v(d) = -8*d**3 + 2*d + 1. Let r(l) = l**2 - 26*l + 21. Suppose -67 + 171 = 4*x. Calculate the remainder when v(-2) is divided by r(x).
19
Suppose 0 = 4*m - 8*m + 76. What is the remainder when 5/15 + (-164)/(-3) is divided by m?
17
Let f(m) = -7*m**2 + 0*m - 149*m**3 + 151*m**3 - 10 + m + m. Calculate the remainder when f(5) is divided by 11.
9
Let x = 921 - 855. Calculate the remainder when 110 is divided by x.
44
Let x(k) = 93*k - 4. Let j be x(3). Suppose 58*f - j = 53*f. What is the remainder when 162 is divided by f?
52
Suppose 6*j = 401 - 41. Calculate the remainder when j is divided by 32.
28
Suppose -u + 89 = 4*x + 24, -4*u = 4*x - 56. Suppose x = -12*f + 13*f. What is the remainder when f is divided by 5?
2
Let t = 391 + -335. Suppose 3*w = 4*w - 4*x - 15, -75 = -5*w - 3*x. Calculate the remainder when t is divided by w.
11
Suppose -5*j - 5 = 5*x, 5*x - 3*x - 6 = -4*j. Suppose -5*y = 0, 3*d - y - 54 = -j*y. Calculate the remainder when d is divided by (-9)/(-1) - (1 - 2).
8
Suppose 4*c + 27 = 2*h + 5*c, -4 = -4*c. Suppose h*f - 12*f = 11. Suppose -f = -b + 11. Calculate the remainder when b is divided by 6.
4
Let i = 39 - 43. Calculate the remainder when 36 + 0 - 3/(i + 7) is divided by 10.
5
Suppose -3*u + 3*n - 810 = -8*u, 3*n = 5*u - 810. Suppose 4*g - u = 106. Suppose -h - 3*h = -92. Calculate the remainder when g is divided by h.
21
Suppose 20*d = 25*d - 2*l - 70, -4*d = -l - 53. What is the remainder when 77 is divided by d?
5
Suppose 96 = 121*d - 113*d. Calculate the remainder when 34 is divided by d.
10
Suppose 0 = 3*o - 2*o - 4*h - 16, 0 = 2*h + 8. Suppose 2*f - 5*f + 78 = o. What is the remainder when f is divided by 7?
5
Let h = -199 - -137. Let c = h - -80. What is the remainder when 69 is divided by c?
15
Let f(l) = 27*l**2 - 10*l - 16. Calculate the remainder when f(-3) is divided by 37.
35
Let i = -22 - -20. Let f be -1*(i*4 + 4). Suppose -44 - f = -4*k. What is the remainder when 34 is divided by k?
10
Let r(k) = -k**2 + 18*k + 38. What is the remainder when 99 is divided by r(18)?
23
Suppose -4*k + 17 = 3*x, -4*x + 4 = -3*k - 2. Suppose 4*v = -2*b + 18, 2*v + 53 = 2*b + 11. Let t = -14 + b. What is the remainder when t is divided by k?
1
Suppose 14*b - 1150 = 9*b. Suppose 66 = 4*h - b. What is the remainder when h is divided by 25?
24
Let s be ((-1)/2)/(18/(-612)). Suppose 2*v + 3*z - s = 0, -5*v - 4*z + 32 = -0*z. Suppose 44 = -v*p + 192. What is the remainder when p is divided by 21?
16
Suppose -240 = -3*w - 4*i, 0*w - w + 2*i + 90 = 0. Calculate the remainder when w is divided by 8.
4
Let z(u) = u**3 + 15*u**2 - 18*u - 9. Let g be z(-16). What is the remainder when (4 + 7 + 1)*g/3 is divided by 24?
20
Let v(t) = 6*t + 3. Let h be ((-1)/(-2))/(1/6). Suppose 0 = -h*r + 7*r - 20, -2*o - 11 = -3*r. What is the remainder when 28 is divided by v(o)?
13
Suppose -9*z - t = -4*z - 92, -5*z + 86 = -2*t. Calculate the remainder when 231 is divided by z.
15
Suppose -3*p = -5*r - 29, -5*r + 3*r + 82 = 4*p. Suppose 6*i - 410 - 4 = 0. Calculate the remainder when i is divided by p.
15
Let w = -125 - -136. Suppose -15*g = -w*g - 152. What is the remainder when 73 is divided by g?
35
Suppose -3*k + 35 = -19. Suppose 5*d - 4*h + 0*h = -70, 3*d = 3*h - 45. Let u = k + d. What is the remainder when 37 is divided by u?
5
What is the remainder when 1339/4 + (-18)/(-72) is divided by 56?
55
Let l(a) = 9*a + 315. What is the remainder when 138 is divided by l(-31)?
30
Suppose 319 + 496 = 5*l. What is the remainder when 510 is divided by l?
21
Let c = 85 - 56. Suppose -4*z + 16 + 20 = 0. Let j = z - -1. Calculate the remainder when c is divided by j.
9
Let h be 4/14 - (-180)/7. Let p(m) = m**3 - 5*m**2 + 4*m - 6. Calculate the remainder when ((-4)/h - 0) + (-4960)/(-130) is divided by p(5).
10
Let n(t) = -t**3 + 8*t**2 + 36*t - 5. Calculate the remainder when n(10) is divided by 26.
25
Let i be -11 - -14 - (0 - 2). Suppose -n + i = -1. Let y = 21 - n. What is the remainder when 42 is divided by y?
12
Suppose -146 + 42 = -8*s. Let n = s + -8. Suppose 5*c - 90 = n*o, 4*o = -c - 4*c + 45. Calculate the remainder when 75 is divided by c.
10
Let u = -37 + 42. Suppose u*b = 3*k + 4*b - 37, -b = -5*k + 65. Suppose -2*v = -v - k. Calculate the remainder when 27 is divided by v.
13
Suppose 2*g - 30576 = -26*g. What is the remainder when g is divided by 73?
70
Let v = 1909 - 1894. What is the remainder when 71 is divided by v?
11
Let p = 6 - 2. Suppose -g = -2*w + 3*w + 3, -w - 3 = p*g. Suppose g*s - 14 = -z - 2*s, -s = 4*z - 77. Calculate the remainder when 59 is divided by z.
19
Suppose 4*w - 100 = -8. What is the remainder when (-81)/99 + 4/(-22) + w is divided by 5?
2
Suppose 0 = -4*k - 2*b + 160, b = 6*b - 10. Let n(w) = 17*w**2 + 2*w + 1. Calculate the remainder when k is divided by n(1).
19
Let w(m) = 20*m**2 + 2*m + 1. Calculate the remainder when -144*(-1 - 5/(-10)) is divided by w(-1).
15
Let x = 42 + -46. Let z = x + 7. What is the remainder when z is divided by 1?
0
Suppose -t + 5*d + 130 = 0, 0 = 10*t - 12*t - 3*d + 208. Calcula